{"id":203,"date":"2022-07-04T19:32:19","date_gmt":"2022-07-04T19:32:19","guid":{"rendered":"https:\/\/episzunago.com\/?page_id=203"},"modified":"2023-07-17T10:51:35","modified_gmt":"2023-07-17T10:51:35","slug":"haiha-cimer","status":"publish","type":"page","link":"https:\/\/episzunago.com\/?page_id=203","title":{"rendered":"H\u00c1IHA c\u00edmer"},"content":{"rendered":"<p><strong>A H\u00c1IHA C\u00cdMERE<\/strong><\/p>\n<p style=\"text-align: justify;\"><span style=\"font-weight: 400;\">K\u00fcl\u00f6n\u00f6s \u00e9s \u00fcnnep\u00e9lyes nap volt 2022 janu\u00e1r 29-\u00e9n, nemcsak az\u00e9rt, mert az Ige sz\u00f3lt, \u00e9s \u00fajra kegyelemb\u0151l az Ige k\u00f6r\u00e9 gy\u0171lhett\u00fcnk, hanem az\u00e9rt is, mert most hivatalosan is bemutattuk a HAT\u00c1ROKON \u00c1T\u00cdVEL\u0150 IMAK\u00d6Z\u00d6SS\u00c9G \u00c9S HITM\u00c9LY\u00cdT\u0150 ALKALMAK \u2013 azaz mozaiknev\u00e9n H\u00c1IHA \u2013 c\u00edmer\u00e9t.&nbsp;<\/span><\/p>\n<p><span style=\"font-weight: 400;\">Szeretn\u00e9m p\u00e1r sz\u00f3val elemezni az elk\u00e9sz\u00fclt c\u00edmer\u00fcnket.&nbsp;<\/span><\/p>\n<p><span style=\"font-weight: 400;\">Biztos tudjuk, hogy vannak szimb\u00f3lumok, sz\u00ednek a Bibli\u00e1ban.&nbsp;<\/span><\/p>\n<p><span style=\"font-weight: 400;\">Ennek r\u00e9szek\u00e9nt ker\u00fcltek kiv\u00e1laszt\u00e1sra az adott r\u00e9szei a c\u00edmer\u00fcnknek.&nbsp;<\/span><\/p>\n<p><span style=\"font-weight: 400;\">N\u00e9zz\u00fck sorban:&nbsp;<\/span><\/p>\n<ol>\n<li><span style=\"font-weight: 400;\"> SZ\u00cdN:&nbsp;<\/span><\/li>\n<\/ol>\n<p style=\"text-align: justify;\"><span style=\"font-weight: 400;\">Bibliai sz\u00ednek k\u00f6z\u00fcl v\u00e1logattunk, hiszen a Bibli\u00e1ban k\u00fcl\u00f6nb\u00f6z\u0151 sz\u00edneknek k\u00fcl\u00f6n jelent\u00e9startalmuk van, p\u00e9ld\u00e1ul:&nbsp;<\/span><\/p>\n<ul>\n<li style=\"font-weight: 400; text-align: justify;\" aria-level=\"1\"><span style=\"font-weight: 400;\">A pirosnak a jelent\u00e9se: v\u00e9r, t\u0171z, mennyei f\u00e9nyess\u00e9g, a szeretet sz\u00edne, a v\u00e9r\u00e9 s ez\u00e1ltal J\u00e9zus Krisztus \u00e1ldozat\u00e1\u00e9.&nbsp;<\/span><\/li>\n<li style=\"font-weight: 400; text-align: justify;\" aria-level=\"1\"><span style=\"font-weight: 400;\">A k\u00e9knek: az \u00e9g, a leveg\u0151, a tisztas\u00e1g, igazs\u00e1g \u00e9s h\u0171s\u00e9g sz\u00edne.&nbsp;<\/span><\/li>\n<li style=\"font-weight: 400; text-align: justify;\" aria-level=\"1\"><span style=\"font-weight: 400;\">Z\u00f6ld: a tavasz, a rem\u00e9nys\u00e9g a felt\u00e1mad\u00e1s, a halhatatlans\u00e1g sz\u00edne, valamint a Paradicsom\u00e9, ahov\u00e1 Isten \u00c1d\u00e1mot \u00e9s \u00c9v\u00e1t helyezte.&nbsp;<\/span><\/li>\n<li style=\"font-weight: 400; text-align: justify;\" aria-level=\"1\"><span style=\"font-weight: 400;\">Kiv\u00e1laszt\u00e1sra az ARANY SZ\u00cdN KER\u00dcLT m\u00e9gpedig ez\u00e9rt: a mennyre, mennyei Jeruzs\u00e1lemre eml\u00e9keztet, melynek az utc\u00e1ja sz\u00ednarany (Jel 21,21: \u201e<\/span><em><span style=\"font-weight: 400;\">A tizenk\u00e9t kapu tizenk\u00e9t gy\u00f6ngy volt, a kapuk mindegyike egy-egy gy\u00f6ngyb\u0151l, \u00e9s a v\u00e1ros utc\u00e1ja sz\u00ednarany, mint az \u00e1tl\u00e1tsz\u00f3 \u00fcveg.<\/span><\/em><span style=\"font-weight: 400;\">\u201d); de jelenti Isten Ig\u00e9j\u00e9t is: \u201e<\/span><em><span style=\"font-weight: 400;\">Mint az aranyalma ez\u00fcst t\u00e1ny\u00e9ron, olyan a hely\u00e9n mondott Ige.<\/span><\/em><span style=\"font-weight: 400;\">\u201d (P\u00e9ld 25,11)&nbsp;<\/span><\/li>\n<\/ul>\n<ol start=\"2\">\n<li><span style=\"font-weight: 400;\"> IGE KIV\u00c1LASZT\u00c1SA:&nbsp;<\/span><\/li>\n<\/ol>\n<p style=\"text-align: justify;\"><span style=\"font-weight: 400;\">Azt az Ig\u00e9t v\u00e1lasztottuk vez\u00e9rig\u00e9nek a H\u00c1IHA-ban, amivel az \u00dar el\u0151tt\u00fcnk j\u00e1rt, \u00e9s el\u0151k\u00e9sz\u00edtette Ig\u00e9j\u00e9vel mag\u00e1t B\u00f3dis Mikl\u00f3s testv\u00e9r\u00fcnknek: 2021. Janu\u00e1r 12-\u00e9n!!! \u201e<\/span><em><span style=\"font-weight: 400;\">\u00d6sszegy\u0171jt\u00f6m ny\u00e1jam marad\u00e9k\u00e1t minden orsz\u00e1gb\u00f3l (\u2026) \u00e9s visszahozom \u0151ket legel\u0151j\u00fckre, ahol szaporodni \u00e9s sokasodni fognak.<\/span><\/em><span style=\"font-weight: 400;\">\u201d Jer 23,3.&nbsp;<\/span><\/p>\n<ol start=\"3\">\n<li><span style=\"font-weight: 400;\"> A KERESZT SZIMB\u00d3LUMA: Krisztus \u00e9rt\u00fcnk tett megv\u00e1lt\u00f3 \u00e1ldozat\u00e1\u00e9rt: b\u00edzom benne k\u00fcl\u00f6n\u00f6sk\u00e9ppen nem kell magyar\u00e1zni. A h\u00e1tt\u00e9rben fesz\u00fcl a kereszt a pajzson.&nbsp;<\/span><\/li>\n<\/ol>\n<ol start=\"4\">\n<li><span style=\"font-weight: 400;\"> A PAJZS SZIMB\u00d3LUMA:&nbsp;<\/span><\/li>\n<\/ol>\n<p style=\"text-align: justify;\"><span style=\"font-weight: 400;\">&#8211; t\u00e9nyleg olvasd el: Ef\u00e9zus 6,10-20: \u201e<\/span><em><span style=\"font-weight: 400;\">Mindezekhez f\u00f6lvev\u00e9n a HITNEK PAJZS\u00c1T, a melylyel ama gonosznak minden t\u00fczes nyil\u00e1t megolthatj\u00e1tok&#8230;<\/span><\/em><span style=\"font-weight: 400;\">\u201d<\/span><\/p>\n<ol start=\"5\">\n<li><span style=\"font-weight: 400;\"> A C\u00cdMER K\u00d6R\u00dcL PEDIG VIR\u00c1GOKAT, VIR\u00c1GKOSZOR\u00daT l\u00e1tunk testv\u00e9rek.&nbsp;<\/span><\/li>\n<\/ol>\n<p style=\"text-align: justify;\"><span style=\"font-weight: 400;\">\u00c9s ezennel szeretn\u00e9m nagyon sok szeretettel bemutatni: JAGICZA MARISK\u00c1T, aki a c\u00edmert k\u00e9sz\u00edtette. Isten k\u00fcl\u00f6n\u00f6s kegyelme, hogy szeretet\u00e9t \u00e9s kegyelm\u00e9t \u00e9s talentumait emberbe helyezi bele: \u00e9s ez\u00e1ltal lehetnek \u00e1ld\u00e1sai a k\u00f6r\u00fcl\u00f6tte \u00e9l\u0151knek. Mariska testv\u00e9r\u00fcnk is egy ilyen Istent\u0151l kapott \u00e1ld\u00e1s, hiszen olyan speci\u00e1lis VIR\u00c1GGY\u0170JT\u0150-, SZ\u00c1R\u00cdT\u00d3 \u00c9S DIGITALIZ\u00c1L\u00d3 technik\u00e1val k\u00e9sz\u00edti ezeket a vir\u00e1gszirmokat (teh\u00e1t val\u00f3s, &#8222;\u00e9l\u0151&#8221; vir\u00e1gokb\u00f3l), hogy az embernek t\u00e1tva marad a sz\u00e1ja, amikor megl\u00e1tja a munk\u00e1t, \u00e9s meghallgatja a menet\u00e9t. Munk\u00e1j\u00e1ban benne van sz\u00edve minden szeretete, \u00fajj\u00e1sz\u00fcletett \u00e9lete a Krisztusban, \u00e9s ezt keze munk\u00e1j\u00e1ban is l\u00e1that\u00f3v\u00e1 teszi. Mariska bizonys\u00e1gt\u00e9tel\u00e9t hallgathatj\u00e1k meg a Testv\u00e9rek err\u0151l a Vir\u00e1gsziromr\u00f3l.&nbsp;<\/span><\/p>\n<p style=\"text-align: justify;\"><span style=\"font-weight: 400;\">Hallgassuk szeretettel!<\/span><\/p>\n\n\n<figure class=\"wp-block-embed is-type-video is-provider-youtube wp-block-embed-youtube wp-embed-aspect-16-9 wp-has-aspect-ratio\"><div class=\"wp-block-embed__wrapper\">\n<iframe title=\"H\u00c1IHA C\u00cdMER K\u00c9SZ\u00cdT\u0150JE - Jagicza Mariska Bizonys\u00e1gt\u00e9tele (2022.01.29)\" width=\"960\" height=\"540\" src=\"https:\/\/www.youtube.com\/embed\/uotYrLix314?feature=oembed\" frameborder=\"0\" allow=\"accelerometer; autoplay; clipboard-write; encrypted-media; gyroscope; picture-in-picture; web-share\" allowfullscreen><\/iframe>\n<\/div><\/figure>\n\n\n<p>K\u00f6sz\u00f6nj\u00fck az \u0151 munk\u00e1j\u00e1t. H\u00e1laad\u00e1ssal Istennek, k\u00f6sz\u00f6nettel dr\u00e1ga Testv\u00e9r\u00fcnknek.&nbsp;<\/p>\n<p>Isten k\u00fcl\u00f6n\u00f6s \u00e1ld\u00e1sa legyen az \u00e9leteden, \u00e9s csal\u00e1dod\u00e9n is: f\u00e9rjeden, Zsolton is.&nbsp;<\/p>\n<h3><strong>SOLI DEO GLORIA!<\/strong><\/h3>\n<p style=\"text-align: center;\"><\/p>\n\n\n<figure class=\"wp-block-image is-resized\"><a href=\"https:\/\/episzunago.com\/wp-content\/uploads\/2022\/05\/HAIHA-scaled-1.jpg\"><img fetchpriority=\"high\" decoding=\"async\" src=\"https:\/\/episzunago.com\/wp-content\/uploads\/2022\/07\/HAIHA_piros_nagyaranykereszt_hatul-1-1080x1080.jpg\" alt=\"\" class=\"wp-image-479\" width=\"433\" height=\"433\" srcset=\"https:\/\/episzunago.com\/wp-content\/uploads\/2022\/07\/HAIHA_piros_nagyaranykereszt_hatul-1-1080x1080.jpg 1080w, https:\/\/episzunago.com\/wp-content\/uploads\/2022\/07\/HAIHA_piros_nagyaranykereszt_hatul-1-300x300.jpg 300w, https:\/\/episzunago.com\/wp-content\/uploads\/2022\/07\/HAIHA_piros_nagyaranykereszt_hatul-1-150x150.jpg 150w, https:\/\/episzunago.com\/wp-content\/uploads\/2022\/07\/HAIHA_piros_nagyaranykereszt_hatul-1-768x768.jpg 768w, https:\/\/episzunago.com\/wp-content\/uploads\/2022\/07\/HAIHA_piros_nagyaranykereszt_hatul-1-1536x1536.jpg 1536w, https:\/\/episzunago.com\/wp-content\/uploads\/2022\/07\/HAIHA_piros_nagyaranykereszt_hatul-1-2048x2048.jpg 2048w\" sizes=\"(max-width: 433px) 100vw, 433px\" \/><\/a><\/figure>\n","protected":false},"excerpt":{"rendered":"<p>A H\u00c1IHA C\u00cdMERE K\u00fcl\u00f6n\u00f6s \u00e9s \u00fcnnep\u00e9lyes nap volt 2022 janu\u00e1r 29-\u00e9n, nemcsak az\u00e9rt, mert az Ige sz\u00f3lt, \u00e9s \u00fajra kegyelemb\u0151l az Ige k\u00f6r\u00e9 gy\u0171lhett\u00fcnk, hanem az\u00e9rt is, mert most hivatalosan is bemutattuk a HAT\u00c1ROKON \u00c1T\u00cdVEL\u0150 IMAK\u00d6Z\u00d6SS\u00c9G \u00c9S HITM\u00c9LY\u00cdT\u0150 ALKALMAK \u2013 azaz mozaiknev\u00e9n H\u00c1IHA \u2013 c\u00edmer\u00e9t.&nbsp; Szeretn\u00e9m p\u00e1r sz\u00f3val elemezni az elk\u00e9sz\u00fclt c\u00edmer\u00fcnket.&nbsp; Biztos tudjuk, hogy vannak szimb\u00f3lumok, sz\u00ednek a Bibli\u00e1ban.&nbsp; Ennek r\u00e9szek\u00e9nt ker\u00fcltek kiv\u00e1laszt\u00e1sra az adott r\u00e9szei a c\u00edmer\u00fcnknek.&nbsp; N\u00e9zz\u00fck sorban:&nbsp; SZ\u00cdN:&nbsp; Bibliai sz\u00ednek k\u00f6z\u00fcl v\u00e1logattunk, hiszen a Bibli\u00e1ban k\u00fcl\u00f6nb\u00f6z\u0151 sz\u00edneknek k\u00fcl\u00f6n jelent\u00e9startalmuk van, p\u00e9ld\u00e1ul:&nbsp; A pirosnak a jelent\u00e9se: v\u00e9r, t\u0171z, mennyei f\u00e9nyess\u00e9g, a szeretet sz\u00edne, a v\u00e9r\u00e9 s ez\u00e1ltal J\u00e9zus Krisztus \u00e1ldozat\u00e1\u00e9.&nbsp; A k\u00e9knek: az \u00e9g, a leveg\u0151, a tisztas\u00e1g, igazs\u00e1g \u00e9s h\u0171s\u00e9g sz\u00edne.&nbsp; Z\u00f6ld: a tavasz, a rem\u00e9nys\u00e9g a felt\u00e1mad\u00e1s, a halhatatlans\u00e1g sz\u00edne, valamint a Paradicsom\u00e9, ahov\u00e1 Isten \u00c1d\u00e1mot \u00e9s \u00c9v\u00e1t helyezte.&nbsp; Kiv\u00e1laszt\u00e1sra az ARANY SZ\u00cdN KER\u00dcLT m\u00e9gpedig ez\u00e9rt: a mennyre, mennyei Jeruzs\u00e1lemre eml\u00e9keztet, melynek az utc\u00e1ja sz\u00ednarany (Jel 21,21: \u201eA tizenk\u00e9t kapu tizenk\u00e9t gy\u00f6ngy volt, a kapuk mindegyike egy-egy gy\u00f6ngyb\u0151l, \u00e9s a v\u00e1ros utc\u00e1ja sz\u00ednarany, mint az \u00e1tl\u00e1tsz\u00f3 \u00fcveg.\u201d); de jelenti Isten Ig\u00e9j\u00e9t is: \u201eMint az aranyalma ez\u00fcst t\u00e1ny\u00e9ron, olyan a hely\u00e9n mondott Ige.\u201d (P\u00e9ld 25,11)&nbsp; IGE KIV\u00c1LASZT\u00c1SA:&nbsp; Azt az Ig\u00e9t v\u00e1lasztottuk vez\u00e9rig\u00e9nek a H\u00c1IHA-ban, amivel az \u00dar el\u0151tt\u00fcnk j\u00e1rt, \u00e9s el\u0151k\u00e9sz\u00edtette Ig\u00e9j\u00e9vel mag\u00e1t B\u00f3dis Mikl\u00f3s testv\u00e9r\u00fcnknek: 2021. Janu\u00e1r 12-\u00e9n!!! \u201e\u00d6sszegy\u0171jt\u00f6m ny\u00e1jam marad\u00e9k\u00e1t minden orsz\u00e1gb\u00f3l (\u2026) \u00e9s visszahozom \u0151ket legel\u0151j\u00fckre, ahol szaporodni \u00e9s sokasodni fognak.\u201d Jer 23,3.&nbsp; A KERESZT SZIMB\u00d3LUMA: Krisztus \u00e9rt\u00fcnk tett megv\u00e1lt\u00f3 \u00e1ldozat\u00e1\u00e9rt: b\u00edzom benne k\u00fcl\u00f6n\u00f6sk\u00e9ppen nem kell magyar\u00e1zni. A h\u00e1tt\u00e9rben fesz\u00fcl a kereszt a pajzson.&nbsp; A PAJZS SZIMB\u00d3LUMA:&nbsp; &#8211; t\u00e9nyleg olvasd el: Ef\u00e9zus 6,10-20: \u201eMindezekhez f\u00f6lvev\u00e9n a HITNEK PAJZS\u00c1T, a melylyel ama gonosznak minden t\u00fczes nyil\u00e1t megolthatj\u00e1tok&#8230;\u201d A C\u00cdMER K\u00d6R\u00dcL PEDIG VIR\u00c1GOKAT, VIR\u00c1GKOSZOR\u00daT l\u00e1tunk testv\u00e9rek.&nbsp; \u00c9s ezennel szeretn\u00e9m nagyon sok szeretettel bemutatni: JAGICZA MARISK\u00c1T, aki a c\u00edmert k\u00e9sz\u00edtette. Isten k\u00fcl\u00f6n\u00f6s kegyelme, hogy szeretet\u00e9t \u00e9s kegyelm\u00e9t \u00e9s talentumait emberbe helyezi bele: \u00e9s ez\u00e1ltal lehetnek \u00e1ld\u00e1sai a k\u00f6r\u00fcl\u00f6tte \u00e9l\u0151knek. Mariska testv\u00e9r\u00fcnk is egy ilyen Istent\u0151l kapott \u00e1ld\u00e1s, hiszen olyan speci\u00e1lis VIR\u00c1GGY\u0170JT\u0150-, SZ\u00c1R\u00cdT\u00d3 \u00c9S DIGITALIZ\u00c1L\u00d3 technik\u00e1val k\u00e9sz\u00edti ezeket a vir\u00e1gszirmokat (teh\u00e1t val\u00f3s, &#8222;\u00e9l\u0151&#8221; vir\u00e1gokb\u00f3l), hogy az embernek t\u00e1tva marad a sz\u00e1ja, amikor megl\u00e1tja a munk\u00e1t, \u00e9s meghallgatja a menet\u00e9t. Munk\u00e1j\u00e1ban benne van sz\u00edve minden szeretete, \u00fajj\u00e1sz\u00fcletett \u00e9lete a Krisztusban, \u00e9s ezt keze munk\u00e1j\u00e1ban is l\u00e1that\u00f3v\u00e1 teszi. Mariska bizonys\u00e1gt\u00e9tel\u00e9t hallgathatj\u00e1k meg a Testv\u00e9rek err\u0151l a Vir\u00e1gsziromr\u00f3l.&nbsp; Hallgassuk szeretettel! K\u00f6sz\u00f6nj\u00fck az \u0151 munk\u00e1j\u00e1t. H\u00e1laad\u00e1ssal Istennek, k\u00f6sz\u00f6nettel dr\u00e1ga Testv\u00e9r\u00fcnknek.&nbsp; Isten k\u00fcl\u00f6n\u00f6s \u00e1ld\u00e1sa legyen az \u00e9leteden, \u00e9s csal\u00e1dod\u00e9n is: f\u00e9rjeden, Zsolton is.&nbsp; SOLI DEO GLORIA!<\/p>\n","protected":false},"author":1,"featured_media":0,"parent":104,"menu_order":2,"comment_status":"closed","ping_status":"open","template":"","meta":{"passster_activate_protection":false,"passster_protect_child_pages":"","passster_protection_type":"password","passster_password":"","passster_activate_overwrite_defaults":"","passster_headline":"","passster_instruction":"","passster_placeholder":"","passster_button":"","passster_id":"","passster_activate_misc_settings":"","passster_redirect_url":"","passster_hide":"no","passster_area_shortcode":"","footnotes":""},"class_list":["post-203","page","type-page","status-publish","hentry"],"_links":{"self":[{"href":"https:\/\/episzunago.com\/index.php?rest_route=\/wp\/v2\/pages\/203","targetHints":{"allow":["GET"]}}],"collection":[{"href":"https:\/\/episzunago.com\/index.php?rest_route=\/wp\/v2\/pages"}],"about":[{"href":"https:\/\/episzunago.com\/index.php?rest_route=\/wp\/v2\/types\/page"}],"author":[{"embeddable":true,"href":"https:\/\/episzunago.com\/index.php?rest_route=\/wp\/v2\/users\/1"}],"replies":[{"embeddable":true,"href":"https:\/\/episzunago.com\/index.php?rest_route=%2Fwp%2Fv2%2Fcomments&post=203"}],"version-history":[{"count":15,"href":"https:\/\/episzunago.com\/index.php?rest_route=\/wp\/v2\/pages\/203\/revisions"}],"predecessor-version":[{"id":4626,"href":"https:\/\/episzunago.com\/index.php?rest_route=\/wp\/v2\/pages\/203\/revisions\/4626"}],"up":[{"embeddable":true,"href":"https:\/\/episzunago.com\/index.php?rest_route=\/wp\/v2\/pages\/104"}],"wp:attachment":[{"href":"https:\/\/episzunago.com\/index.php?rest_route=%2Fwp%2Fv2%2Fmedia&parent=203"}],"curies":[{"name":"wp","href":"https:\/\/api.w.org\/{rel}","templated":true}]}}