{"id":228,"date":"2022-07-04T20:06:07","date_gmt":"2022-07-04T20:06:07","guid":{"rendered":"https:\/\/episzunago.com\/?page_id=228"},"modified":"2023-01-25T22:14:30","modified_gmt":"2023-01-25T22:14:30","slug":"ii-evangelizacio","status":"publish","type":"page","link":"https:\/\/episzunago.com\/?page_id=228","title":{"rendered":"II. EVANGELIZ\u00c1CI\u00d3"},"content":{"rendered":"\n<p><strong>II. EVANGELIZ\u00c1CI\u00d3<\/strong>:<\/p>\n\n\n\n<p><strong>B\u00d3DIS MIKL\u00d3S: OSZLOPA VAGY ISTEN ORSZ\u00c1G\u00c1NAK, LEHET-E SZ\u00c1M\u00cdTANI R\u00c1D VALAMIBEN?<\/strong><\/p>\n\n\n\n<div id=\"EV2-1\"><\/div>\n\n\n\n<p class=\"has-text-align-center\">2021.04.23: Amikor a t\u00e9rdek reszketni kezdenek!<\/p>\n\n\n\n<figure class=\"wp-block-embed is-type-video is-provider-youtube wp-block-embed-youtube wp-embed-aspect-16-9 wp-has-aspect-ratio\"><div class=\"wp-block-embed__wrapper\">\n<iframe title=\"B\u00f3dis Mikl\u00f3s: Oszlopa vagy Isten orsz\u00e1g\u00e1nak, lehet-e sz\u00e1m\u00edtani r\u00e1d valamiben? 3\/1.\" width=\"960\" height=\"540\" src=\"https:\/\/www.youtube.com\/embed\/L7unMCJxcrc?feature=oembed\" frameborder=\"0\" allow=\"accelerometer; autoplay; clipboard-write; encrypted-media; gyroscope; picture-in-picture; web-share\" allowfullscreen><\/iframe>\n<\/div><\/figure>\n\n\n\n<p><strong><a href=\"https:\/\/episzunago.com\/wp-content\/uploads\/2022\/07\/2021.04.23-Bodis-Miklos-AMIKOR-A-TERDEK-RESZKETNI-KEZDENEK.mp3\" target=\"_blank\" rel=\"noreferrer noopener\">MP3 let\u00f6lt\u00e9s<\/a><\/strong><\/p>\n\n\n\n<p><a href=\"https:\/\/episzunago.com\/wp-content\/uploads\/2023\/01\/02_Evangelizacio_2021.04.23_OSZLOPA-VAGY-ISTEN-ORSZAGANAK..._3_1.pdf\" target=\"_blank\" rel=\"noreferrer noopener\">PDF let\u00f6lt\u00e9s<\/a><\/p>\n\n\n\n<div id=\"EV2-2\"><\/div>\n\n\n\n<p class=\"has-text-align-center\">2021.04.24: Amikor inognak az &#8222;oszlopok&#8221;<\/p>\n\n\n\n<figure class=\"wp-block-embed is-type-video is-provider-youtube wp-block-embed-youtube wp-embed-aspect-16-9 wp-has-aspect-ratio\"><div class=\"wp-block-embed__wrapper\">\n<iframe title=\"B\u00f3dis Mikl\u00f3s: Oszlopa vagy Isten orsz\u00e1g\u00e1nak, lehet-e sz\u00e1m\u00edtani r\u00e1d valamiben? 3\/2.\" width=\"960\" height=\"540\" src=\"https:\/\/www.youtube.com\/embed\/3C7HNhI7_DI?feature=oembed\" frameborder=\"0\" allow=\"accelerometer; autoplay; clipboard-write; encrypted-media; gyroscope; picture-in-picture; web-share\" allowfullscreen><\/iframe>\n<\/div><\/figure>\n\n\n\n<p><strong><a href=\"https:\/\/episzunago.com\/wp-content\/uploads\/2022\/07\/2021.04.24-Bodis-Miklos-AMIKOR-INOGNAK-AZ-OSZLOPOK.mp3\" target=\"_blank\" rel=\"noreferrer noopener\">MP3 let\u00f6lt\u00e9s<\/a><\/strong><\/p>\n\n\n\n<p><a rel=\"noreferrer noopener\" href=\"https:\/\/episzunago.com\/wp-content\/uploads\/2023\/01\/02_Evangelizacio_2021.04.24_OSZLOPA-VAGY-ISTEN-ORSZAGANAK..._3_1.pdf\" target=\"_blank\">PDF let\u00f6lt\u00e9s<\/a><\/p>\n\n\n\n<div id=\"EV2-3\"><\/div>\n\n\n\n<p class=\"has-text-align-center\">2021.04.25: Szem\u00e9lyazonoss\u00e1gi igazolv\u00e1ny Isten orsz\u00e1g\u00e1ban<\/p>\n\n\n\n<figure class=\"wp-block-embed is-type-video is-provider-youtube wp-block-embed-youtube wp-embed-aspect-16-9 wp-has-aspect-ratio\"><div class=\"wp-block-embed__wrapper\">\n<iframe title=\"B\u00f3dis Mikl\u00f3s: Oszlopa vagy Isten orsz\u00e1g\u00e1nak, lehet-e sz\u00e1m\u00edtani r\u00e1d valamiben? 3\/3.\" width=\"960\" height=\"540\" src=\"https:\/\/www.youtube.com\/embed\/6nC9I7gACXA?feature=oembed\" frameborder=\"0\" allow=\"accelerometer; autoplay; clipboard-write; encrypted-media; gyroscope; picture-in-picture; web-share\" allowfullscreen><\/iframe>\n<\/div><\/figure>\n\n\n\n<p><strong><a href=\"https:\/\/episzunago.com\/wp-content\/uploads\/2022\/07\/2021.04.25-Bodis-Miklos-SZEMELYAZONOSSAGI-IGAZOLVANY-ISTEN-ORSZAGABAN.mp3\" target=\"_blank\" rel=\"noreferrer noopener\">MP3 let\u00f6lt\u00e9s<\/a><\/strong><\/p>\n\n\n\n<p><a rel=\"noreferrer noopener\" href=\"https:\/\/episzunago.com\/wp-content\/uploads\/2023\/01\/02_Evangelizacio_2021.04.25_OSZLOPA-VAGY-ISTEN-ORSZAGANAK..._3_3.pdf\" target=\"_blank\">PDF let\u00f6lt\u00e9s<\/a><\/p>\n","protected":false},"excerpt":{"rendered":"<p>II. EVANGELIZ\u00c1CI\u00d3: B\u00d3DIS MIKL\u00d3S: OSZLOPA VAGY ISTEN ORSZ\u00c1G\u00c1NAK, LEHET-E SZ\u00c1M\u00cdTANI R\u00c1D VALAMIBEN? 2021.04.23: Amikor a t\u00e9rdek reszketni kezdenek! MP3 let\u00f6lt\u00e9s PDF let\u00f6lt\u00e9s 2021.04.24: Amikor inognak az &#8222;oszlopok&#8221; MP3 let\u00f6lt\u00e9s PDF let\u00f6lt\u00e9s 2021.04.25: Szem\u00e9lyazonoss\u00e1gi igazolv\u00e1ny Isten orsz\u00e1g\u00e1ban MP3 let\u00f6lt\u00e9s PDF let\u00f6lt\u00e9s<\/p>\n","protected":false},"author":1,"featured_media":0,"parent":30,"menu_order":2,"comment_status":"closed","ping_status":"open","template":"","meta":{"passster_activate_protection":false,"passster_protect_child_pages":"","passster_protection_type":"password","passster_password":"","passster_activate_overwrite_defaults":"","passster_headline":"","passster_instruction":"","passster_placeholder":"","passster_button":"","passster_id":"","passster_activate_misc_settings":"","passster_redirect_url":"","passster_hide":"no","passster_area_shortcode":"","footnotes":""},"class_list":["post-228","page","type-page","status-publish","hentry"],"_links":{"self":[{"href":"https:\/\/episzunago.com\/index.php?rest_route=\/wp\/v2\/pages\/228","targetHints":{"allow":["GET"]}}],"collection":[{"href":"https:\/\/episzunago.com\/index.php?rest_route=\/wp\/v2\/pages"}],"about":[{"href":"https:\/\/episzunago.com\/index.php?rest_route=\/wp\/v2\/types\/page"}],"author":[{"embeddable":true,"href":"https:\/\/episzunago.com\/index.php?rest_route=\/wp\/v2\/users\/1"}],"replies":[{"embeddable":true,"href":"https:\/\/episzunago.com\/index.php?rest_route=%2Fwp%2Fv2%2Fcomments&post=228"}],"version-history":[{"count":8,"href":"https:\/\/episzunago.com\/index.php?rest_route=\/wp\/v2\/pages\/228\/revisions"}],"predecessor-version":[{"id":3148,"href":"https:\/\/episzunago.com\/index.php?rest_route=\/wp\/v2\/pages\/228\/revisions\/3148"}],"up":[{"embeddable":true,"href":"https:\/\/episzunago.com\/index.php?rest_route=\/wp\/v2\/pages\/30"}],"wp:attachment":[{"href":"https:\/\/episzunago.com\/index.php?rest_route=%2Fwp%2Fv2%2Fmedia&parent=228"}],"curies":[{"name":"wp","href":"https:\/\/api.w.org\/{rel}","templated":true}]}}

II. EVANGELIZÁCIÓ

<p><strong>II. EVANGELIZÁCIÓ</strong>:</p>



<p><strong>BÓDIS MIKLÓS: OSZLOPA VAGY ISTEN ORSZÁGÁNAK, LEHET-E SZÁMÍTANI RÁD VALAMIBEN?</strong></p>



<div id="EV2-1"></div>



<p class="has-text-align-center">2021.04.23: Amikor a térdek reszketni kezdenek!</p>



<figure class="wp-block-embed is-type-video is-provider-youtube wp-block-embed-youtube wp-embed-aspect-16-9 wp-has-aspect-ratio"><div class="wp-block-embed__wrapper">
<iframe title="Bódis Miklós: Oszlopa vagy Isten országának, lehet-e számítani rád valamiben? 3/1." width="960" height="540" src="https://www.youtube.com/embed/L7unMCJxcrc?feature=oembed" frameborder="0" allow="accelerometer; autoplay; clipboard-write; encrypted-media; gyroscope; picture-in-picture; web-share" allowfullscreen></iframe>
</div></figure>



<p><strong><a href="https://episzunago.com/wp-content/uploads/2022/07/2021.04.23-Bodis-Miklos-AMIKOR-A-TERDEK-RESZKETNI-KEZDENEK.mp3" target="_blank" rel="noreferrer noopener">MP3 letöltés</a></strong></p>



<p><a href="https://episzunago.com/wp-content/uploads/2023/01/02_Evangelizacio_2021.04.23_OSZLOPA-VAGY-ISTEN-ORSZAGANAK..._3_1.pdf" target="_blank" rel="noreferrer noopener">PDF letöltés</a></p>



<div id="EV2-2"></div>



<p class="has-text-align-center">2021.04.24: Amikor inognak az &#8222;oszlopok&#8221;</p>



<figure class="wp-block-embed is-type-video is-provider-youtube wp-block-embed-youtube wp-embed-aspect-16-9 wp-has-aspect-ratio"><div class="wp-block-embed__wrapper">
<iframe title="Bódis Miklós: Oszlopa vagy Isten országának, lehet-e számítani rád valamiben? 3/2." width="960" height="540" src="https://www.youtube.com/embed/3C7HNhI7_DI?feature=oembed" frameborder="0" allow="accelerometer; autoplay; clipboard-write; encrypted-media; gyroscope; picture-in-picture; web-share" allowfullscreen></iframe>
</div></figure>



<p><strong><a href="https://episzunago.com/wp-content/uploads/2022/07/2021.04.24-Bodis-Miklos-AMIKOR-INOGNAK-AZ-OSZLOPOK.mp3" target="_blank" rel="noreferrer noopener">MP3 letöltés</a></strong></p>



<p><a rel="noreferrer noopener" href="https://episzunago.com/wp-content/uploads/2023/01/02_Evangelizacio_2021.04.24_OSZLOPA-VAGY-ISTEN-ORSZAGANAK..._3_1.pdf" target="_blank">PDF letöltés</a></p>



<div id="EV2-3"></div>



<p class="has-text-align-center">2021.04.25: Személyazonossági igazolvány Isten országában</p>



<figure class="wp-block-embed is-type-video is-provider-youtube wp-block-embed-youtube wp-embed-aspect-16-9 wp-has-aspect-ratio"><div class="wp-block-embed__wrapper">
<iframe title="Bódis Miklós: Oszlopa vagy Isten országának, lehet-e számítani rád valamiben? 3/3." width="960" height="540" src="https://www.youtube.com/embed/6nC9I7gACXA?feature=oembed" frameborder="0" allow="accelerometer; autoplay; clipboard-write; encrypted-media; gyroscope; picture-in-picture; web-share" allowfullscreen></iframe>
</div></figure>



<p><strong><a href="https://episzunago.com/wp-content/uploads/2022/07/2021.04.25-Bodis-Miklos-SZEMELYAZONOSSAGI-IGAZOLVANY-ISTEN-ORSZAGABAN.mp3" target="_blank" rel="noreferrer noopener">MP3 letöltés</a></strong></p>



<p><a rel="noreferrer noopener" href="https://episzunago.com/wp-content/uploads/2023/01/02_Evangelizacio_2021.04.25_OSZLOPA-VAGY-ISTEN-ORSZAGANAK..._3_3.pdf" target="_blank">PDF letöltés</a></p>

<p>II. EVANGELIZÁCIÓ: BÓDIS MIKLÓS: OSZLOPA VAGY ISTEN ORSZÁGÁNAK, LEHET-E SZÁMÍTANI RÁD VALAMIBEN? 2021.04.23: Amikor a térdek reszketni kezdenek! MP3 letöltés PDF letöltés 2021.04.24: Amikor inognak az &#8222;oszlopok&#8221; MP3 letöltés PDF letöltés 2021.04.25: Személyazonossági igazolvány Isten országában MP3 letöltés PDF letöltés</p>
