{"id":237,"date":"2022-07-04T20:09:25","date_gmt":"2022-07-04T20:09:25","guid":{"rendered":"https:\/\/episzunago.com\/?page_id=237"},"modified":"2023-01-25T22:19:23","modified_gmt":"2023-01-25T22:19:23","slug":"v-hitmelyito-evangelizacio","status":"publish","type":"page","link":"https:\/\/episzunago.com\/?page_id=237","title":{"rendered":"V. HITM\u00c9LY\u00cdT\u0150 EVANGELIZ\u00c1CI\u00d3"},"content":{"rendered":"\n<p><strong>V. HITM\u00c9LY\u00cdT\u0150 EVANGELIZ\u00c1CI\u00d3:<\/strong><\/p>\n\n\n\n<p><strong>A H\u00cdV\u0150K MEG\u00daJUL\u00c1SA 3\/2<\/strong><\/p>\n\n\n\n<div id=\"EV5-1\"><\/div>\n\n\n\n<p class=\"has-text-align-center\">2021.10.26: Ittz\u00e9s Istv\u00e1n: Az \u00faj ember val\u00f3s\u00e1gos igazs\u00e1gban \u00e9s szents\u00e9gben<\/p>\n\n\n\n<figure class=\"wp-block-embed is-type-video is-provider-youtube wp-block-embed-youtube wp-embed-aspect-16-9 wp-has-aspect-ratio\"><div class=\"wp-block-embed__wrapper\">\n<iframe title=\"A H\u00cdV\u0150K MEG\u00daJUL\u00c1SA 9\/4:  Ittz\u00e9s Istv\u00e1n: Az \u00faj ember val\u00f3s\u00e1gos igazs\u00e1gban \u00e9s szents\u00e9gben (2021.10.26)\" width=\"960\" height=\"540\" src=\"https:\/\/www.youtube.com\/embed\/F_uc4X4_GpE?feature=oembed\" frameborder=\"0\" allow=\"accelerometer; autoplay; clipboard-write; encrypted-media; gyroscope; picture-in-picture; web-share\" allowfullscreen><\/iframe>\n<\/div><\/figure>\n\n\n\n<p><strong><a href=\"https:\/\/episzunago.com\/wp-content\/uploads\/2022\/07\/2021.10.26-Ittzes-Istvan.mp3\" target=\"_blank\" rel=\"noreferrer noopener\">MP3 let\u00f6lt\u00e9s<\/a><\/strong><\/p>\n\n\n\n<p><a href=\"https:\/\/episzunago.com\/wp-content\/uploads\/2023\/01\/05_Evangelizacio_2021.10.26_A-HIVOK-MEGUJULASA-3_2_1.pdf\" target=\"_blank\" rel=\"noreferrer noopener\">PDF let\u00f6lt\u00e9s<\/a><\/p>\n\n\n\n<div id=\"EV5-2\"><\/div>\n\n\n\n<p class=\"has-text-align-center\">2021.10.27: V\u00e9gh Tam\u00e1s: Ne igazodjatok e vil\u00e1ghoz, hanem Istenhez<\/p>\n\n\n\n<figure class=\"wp-block-embed is-type-video is-provider-youtube wp-block-embed-youtube wp-embed-aspect-16-9 wp-has-aspect-ratio\"><div class=\"wp-block-embed__wrapper\">\n<iframe title=\"A H\u00cdV\u0150K MEG\u00daJUL\u00c1SA 9\/5:  V\u00e9gh Tam\u00e1s: Ne igazodjatok e vil\u00e1ghoz, hanem Istenhez (2021.10.27)\" width=\"960\" height=\"540\" src=\"https:\/\/www.youtube.com\/embed\/W1JJYj_ejmY?feature=oembed\" frameborder=\"0\" allow=\"accelerometer; autoplay; clipboard-write; encrypted-media; gyroscope; picture-in-picture; web-share\" allowfullscreen><\/iframe>\n<\/div><\/figure>\n\n\n\n<p><strong><a href=\"https:\/\/episzunago.com\/wp-content\/uploads\/2022\/07\/2021.10.27-Vegh-Tamas.mp3\" target=\"_blank\" rel=\"noreferrer noopener\">MP3 let\u00f6lt\u00e9s<\/a><\/strong><\/p>\n\n\n\n<p><a href=\"https:\/\/episzunago.com\/wp-content\/uploads\/2023\/01\/05_Evangelizacio_2021.10.27_A-HIVOK-MEGUJULASA-3_2_2.pdf\" target=\"_blank\" rel=\"noreferrer noopener\">PDF let\u00f6lt\u00e9s<\/a><\/p>\n\n\n\n<div id=\"EV5-3\"><\/div>\n\n\n\n<p class=\"has-text-align-center\">2021.10.28: B\u00f3dis Mikl\u00f3s: Ne s\u00e1ntik\u00e1ljatok k\u00e9tfel\u00e9<\/p>\n\n\n\n<figure class=\"wp-block-embed is-type-video is-provider-youtube wp-block-embed-youtube wp-embed-aspect-16-9 wp-has-aspect-ratio\"><div class=\"wp-block-embed__wrapper\">\n<iframe title=\"A H\u00cdV\u0150K MEG\u00daJUL\u00c1SA 9\/6:  B\u00f3dis Mikl\u00f3s: Ne s\u00e1ntik\u00e1ljatok k\u00e9tfel\u00e9! (2021.10.28)\" width=\"960\" height=\"540\" src=\"https:\/\/www.youtube.com\/embed\/z68uzLjQqns?feature=oembed\" frameborder=\"0\" allow=\"accelerometer; autoplay; clipboard-write; encrypted-media; gyroscope; picture-in-picture; web-share\" allowfullscreen><\/iframe>\n<\/div><\/figure>\n\n\n\n<p><strong><a href=\"https:\/\/episzunago.com\/wp-content\/uploads\/2022\/07\/2021.10.28-Bodis-Miklos.mp3\" target=\"_blank\" rel=\"noreferrer noopener\">MP3 let\u00f6lt\u00e9s<\/a><\/strong><\/p>\n\n\n\n<p><a href=\"https:\/\/episzunago.com\/wp-content\/uploads\/2023\/01\/05_Evangelizacio_2021.10.28_A-HIVOK-MEGUJULASA-3_2_3.pdf\" target=\"_blank\" rel=\"noreferrer noopener\">PDF let\u00f6lt\u00e9s <\/a><\/p>\n","protected":false},"excerpt":{"rendered":"<p>V. HITM\u00c9LY\u00cdT\u0150 EVANGELIZ\u00c1CI\u00d3: A H\u00cdV\u0150K MEG\u00daJUL\u00c1SA 3\/2 2021.10.26: Ittz\u00e9s Istv\u00e1n: Az \u00faj ember val\u00f3s\u00e1gos igazs\u00e1gban \u00e9s szents\u00e9gben MP3 let\u00f6lt\u00e9s PDF let\u00f6lt\u00e9s 2021.10.27: V\u00e9gh Tam\u00e1s: Ne igazodjatok e vil\u00e1ghoz, hanem Istenhez MP3 let\u00f6lt\u00e9s PDF let\u00f6lt\u00e9s 2021.10.28: B\u00f3dis Mikl\u00f3s: Ne s\u00e1ntik\u00e1ljatok k\u00e9tfel\u00e9 MP3 let\u00f6lt\u00e9s PDF let\u00f6lt\u00e9s<\/p>\n","protected":false},"author":1,"featured_media":0,"parent":30,"menu_order":5,"comment_status":"closed","ping_status":"open","template":"","meta":{"passster_activate_protection":false,"passster_protect_child_pages":"","passster_protection_type":"password","passster_password":"","passster_activate_overwrite_defaults":"","passster_headline":"","passster_instruction":"","passster_placeholder":"","passster_button":"","passster_id":"","passster_activate_misc_settings":"","passster_redirect_url":"","passster_hide":"no","passster_area_shortcode":"","footnotes":""},"class_list":["post-237","page","type-page","status-publish","hentry"],"_links":{"self":[{"href":"https:\/\/episzunago.com\/index.php?rest_route=\/wp\/v2\/pages\/237","targetHints":{"allow":["GET"]}}],"collection":[{"href":"https:\/\/episzunago.com\/index.php?rest_route=\/wp\/v2\/pages"}],"about":[{"href":"https:\/\/episzunago.com\/index.php?rest_route=\/wp\/v2\/types\/page"}],"author":[{"embeddable":true,"href":"https:\/\/episzunago.com\/index.php?rest_route=\/wp\/v2\/users\/1"}],"replies":[{"embeddable":true,"href":"https:\/\/episzunago.com\/index.php?rest_route=%2Fwp%2Fv2%2Fcomments&post=237"}],"version-history":[{"count":8,"href":"https:\/\/episzunago.com\/index.php?rest_route=\/wp\/v2\/pages\/237\/revisions"}],"predecessor-version":[{"id":3154,"href":"https:\/\/episzunago.com\/index.php?rest_route=\/wp\/v2\/pages\/237\/revisions\/3154"}],"up":[{"embeddable":true,"href":"https:\/\/episzunago.com\/index.php?rest_route=\/wp\/v2\/pages\/30"}],"wp:attachment":[{"href":"https:\/\/episzunago.com\/index.php?rest_route=%2Fwp%2Fv2%2Fmedia&parent=237"}],"curies":[{"name":"wp","href":"https:\/\/api.w.org\/{rel}","templated":true}]}}

V. HITMÉLYÍTŐ EVANGELIZÁCIÓ

<p><strong>V. HITMÉLYÍTŐ EVANGELIZÁCIÓ:</strong></p>



<p><strong>A HÍVŐK MEGÚJULÁSA 3/2</strong></p>



<div id="EV5-1"></div>



<p class="has-text-align-center">2021.10.26: Ittzés István: Az új ember valóságos igazságban és szentségben</p>



<figure class="wp-block-embed is-type-video is-provider-youtube wp-block-embed-youtube wp-embed-aspect-16-9 wp-has-aspect-ratio"><div class="wp-block-embed__wrapper">
<iframe title="A HÍVŐK MEGÚJULÁSA 9/4:  Ittzés István: Az új ember valóságos igazságban és szentségben (2021.10.26)" width="960" height="540" src="https://www.youtube.com/embed/F_uc4X4_GpE?feature=oembed" frameborder="0" allow="accelerometer; autoplay; clipboard-write; encrypted-media; gyroscope; picture-in-picture; web-share" allowfullscreen></iframe>
</div></figure>



<p><strong><a href="https://episzunago.com/wp-content/uploads/2022/07/2021.10.26-Ittzes-Istvan.mp3" target="_blank" rel="noreferrer noopener">MP3 letöltés</a></strong></p>



<p><a href="https://episzunago.com/wp-content/uploads/2023/01/05_Evangelizacio_2021.10.26_A-HIVOK-MEGUJULASA-3_2_1.pdf" target="_blank" rel="noreferrer noopener">PDF letöltés</a></p>



<div id="EV5-2"></div>



<p class="has-text-align-center">2021.10.27: Végh Tamás: Ne igazodjatok e világhoz, hanem Istenhez</p>



<figure class="wp-block-embed is-type-video is-provider-youtube wp-block-embed-youtube wp-embed-aspect-16-9 wp-has-aspect-ratio"><div class="wp-block-embed__wrapper">
<iframe title="A HÍVŐK MEGÚJULÁSA 9/5:  Végh Tamás: Ne igazodjatok e világhoz, hanem Istenhez (2021.10.27)" width="960" height="540" src="https://www.youtube.com/embed/W1JJYj_ejmY?feature=oembed" frameborder="0" allow="accelerometer; autoplay; clipboard-write; encrypted-media; gyroscope; picture-in-picture; web-share" allowfullscreen></iframe>
</div></figure>



<p><strong><a href="https://episzunago.com/wp-content/uploads/2022/07/2021.10.27-Vegh-Tamas.mp3" target="_blank" rel="noreferrer noopener">MP3 letöltés</a></strong></p>



<p><a href="https://episzunago.com/wp-content/uploads/2023/01/05_Evangelizacio_2021.10.27_A-HIVOK-MEGUJULASA-3_2_2.pdf" target="_blank" rel="noreferrer noopener">PDF letöltés</a></p>



<div id="EV5-3"></div>



<p class="has-text-align-center">2021.10.28: Bódis Miklós: Ne sántikáljatok kétfelé</p>



<figure class="wp-block-embed is-type-video is-provider-youtube wp-block-embed-youtube wp-embed-aspect-16-9 wp-has-aspect-ratio"><div class="wp-block-embed__wrapper">
<iframe title="A HÍVŐK MEGÚJULÁSA 9/6:  Bódis Miklós: Ne sántikáljatok kétfelé! (2021.10.28)" width="960" height="540" src="https://www.youtube.com/embed/z68uzLjQqns?feature=oembed" frameborder="0" allow="accelerometer; autoplay; clipboard-write; encrypted-media; gyroscope; picture-in-picture; web-share" allowfullscreen></iframe>
</div></figure>



<p><strong><a href="https://episzunago.com/wp-content/uploads/2022/07/2021.10.28-Bodis-Miklos.mp3" target="_blank" rel="noreferrer noopener">MP3 letöltés</a></strong></p>



<p><a href="https://episzunago.com/wp-content/uploads/2023/01/05_Evangelizacio_2021.10.28_A-HIVOK-MEGUJULASA-3_2_3.pdf" target="_blank" rel="noreferrer noopener">PDF letöltés </a></p>

<p>V. HITMÉLYÍTŐ EVANGELIZÁCIÓ: A HÍVŐK MEGÚJULÁSA 3/2 2021.10.26: Ittzés István: Az új ember valóságos igazságban és szentségben MP3 letöltés PDF letöltés 2021.10.27: Végh Tamás: Ne igazodjatok e világhoz, hanem Istenhez MP3 letöltés PDF letöltés 2021.10.28: Bódis Miklós: Ne sántikáljatok kétfelé MP3 letöltés PDF letöltés</p>
