{"id":243,"date":"2022-07-04T20:11:08","date_gmt":"2022-07-04T20:11:08","guid":{"rendered":"https:\/\/episzunago.com\/?page_id=243"},"modified":"2022-08-04T19:42:39","modified_gmt":"2022-08-04T19:42:39","slug":"viii-hitmelyito-evangelizacio","status":"publish","type":"page","link":"https:\/\/episzunago.com\/?page_id=243","title":{"rendered":"VIII. HITM\u00c9LY\u00cdT\u0150 EVANGELIZ\u00c1CI\u00d3"},"content":{"rendered":"\n<p><strong>VIII. HITM\u00c9LY\u00cdT\u0150 EVANGELIZ\u00c1CI\u00d3:<\/strong><\/p>\n\n\n\n<p><strong>TAKAR\u00d3 K\u00c1ROLY: URALKODIK AZ \u00daR J\u00c9ZUS KRISZTUS<\/strong><\/p>\n\n\n\n<div id='EV8-1'><\/div>\n\n\n\n<p class=\"has-text-align-center\">2022.05.24: Uralkodik az id\u0151k teljess\u00e9g\u00e9nek rendj\u00e9re n\u00e9zve<\/p>\n\n\n\n<figure class=\"wp-block-embed is-type-video is-provider-youtube wp-block-embed-youtube wp-embed-aspect-16-9 wp-has-aspect-ratio\"><div class=\"wp-block-embed__wrapper\">\n<iframe title=\"URALKODIK AZ ID\u0150K TELJESS\u00c9G\u00c9NEK RENDJ\u00c9RE N\u00c9ZVE - Takar\u00f3 K\u00e1roly\" width=\"960\" height=\"540\" src=\"https:\/\/www.youtube.com\/embed\/3B3GFUV-ack?feature=oembed\" frameborder=\"0\" allow=\"accelerometer; autoplay; clipboard-write; encrypted-media; gyroscope; picture-in-picture; web-share\" allowfullscreen><\/iframe>\n<\/div><\/figure>\n\n\n\n<p><strong><a href=\"https:\/\/episzunago.com\/wp-content\/uploads\/2022\/07\/Takaro-Karoly-URALKODIK-AZ-UR-JEZUS-KRISZTUS-Evangelizacio-4_1-2022.05.24.mp3\" target=\"_blank\" rel=\"noreferrer noopener\">MP3 let\u00f6lt\u00e9s<\/a><\/strong><\/p>\n\n\n\n<p><a href=\"https:\/\/episzunago.com\/wp-content\/uploads\/2022\/07\/Evangelizacio_2022.05.24_URALKODIK_AZ_UR_JEZUS_KRISZTUS-TK_4_1.pdf\" target=\"_blank\" rel=\"noreferrer noopener\">PDF let\u00f6lt\u00e9s<\/a><\/p>\n\n\n\n<div id=\"EV8-2\"><\/div>\n\n\n\n<p class=\"has-text-align-center\">2022.05.25: Uralkodik az igazs\u00e1g besz\u00e9d\u00e9vel, az \u00fcdv\u00f6ss\u00e9g evang\u00e9lium\u00e1val \u00e9s a L\u00e9lek pecs\u00e9tj\u00e9vel<\/p>\n\n\n\n<figure class=\"wp-block-embed is-type-video is-provider-youtube wp-block-embed-youtube wp-embed-aspect-16-9 wp-has-aspect-ratio\"><div class=\"wp-block-embed__wrapper\">\n<iframe title=\"URALKODIK AZ IGAZS\u00c1G BESZ\u00c9D\u00c9VEL, AZ \u00dcDV\u00d6SS\u00c9G EVANG\u00c9LIUM\u00c1VAL, \u00c9S A L\u00c9LEK PECS\u00c9TJ\u00c9VEL - Takar\u00f3 K\u00e1roly\" width=\"960\" height=\"540\" src=\"https:\/\/www.youtube.com\/embed\/6H9_WMTC5_Q?feature=oembed\" frameborder=\"0\" allow=\"accelerometer; autoplay; clipboard-write; encrypted-media; gyroscope; picture-in-picture; web-share\" allowfullscreen><\/iframe>\n<\/div><\/figure>\n\n\n\n<p><strong><a href=\"https:\/\/episzunago.com\/wp-content\/uploads\/2022\/07\/Takaro-Karoly-URALKODIK-AZ-UR-JEZUS-KRISZTUS-Evangelizacio-4_2-2022.05.25.mp3\" target=\"_blank\" rel=\"noreferrer noopener\">MP3 let\u00f6lt\u00e9s<\/a><\/strong><\/p>\n\n\n\n<p><a href=\"https:\/\/episzunago.com\/wp-content\/uploads\/2022\/07\/Evangelizacio_2022.05.25_URALKODIK-AZ-IGAZSAG-BESZEDEVEL-AZ-UDVOSSEG-EVANGELIUMAVAL-ES-A-LELEK-PECSETJEVEL-TK_4_2.pdf\" target=\"_blank\" rel=\"noreferrer noopener\">PDF let\u00f6lt\u00e9s<\/a><\/p>\n\n\n\n<div id='EV8-3'><\/div>\n\n\n\n<p class=\"has-text-align-center\">2022.05.26: Uralkodik minden fejedelems\u00e9gen \u00e9s hatalmass\u00e1gon<\/p>\n\n\n\n<figure class=\"wp-block-embed is-type-video is-provider-youtube wp-block-embed-youtube wp-embed-aspect-16-9 wp-has-aspect-ratio\"><div class=\"wp-block-embed__wrapper\">\n<iframe title=\"URALKODIK MINDEN FEJEDELEMS\u00c9GEN \u00c9S HATALMASS\u00c1GON - Takar\u00f3 K\u00e1roly\" width=\"960\" height=\"540\" src=\"https:\/\/www.youtube.com\/embed\/cUb-BiFw9SU?feature=oembed\" frameborder=\"0\" allow=\"accelerometer; autoplay; clipboard-write; encrypted-media; gyroscope; picture-in-picture; web-share\" allowfullscreen><\/iframe>\n<\/div><\/figure>\n\n\n\n<p><strong><a href=\"https:\/\/episzunago.com\/wp-content\/uploads\/2022\/07\/Takaro-Karoly-URALKODIK-AZ-UR-JEZUS-KRISZTUS-Evangelizacio-4_3-2022.05.26.mp3\" target=\"_blank\" rel=\"noreferrer noopener\">MP3 let\u00f6lt\u00e9s<\/a><\/strong><\/p>\n\n\n\n<p><a href=\"https:\/\/episzunago.com\/wp-content\/uploads\/2022\/07\/Evangelizacio_2022.05.26_URALKODIK-AZ-UR-JEZUS-KRISZTUS-TK_4_3.pdf\" target=\"_blank\" rel=\"noreferrer noopener\">PDF let\u00f6lt\u00e9s<\/a><\/p>\n\n\n\n<div id=\"EV8-4\"><\/div>\n\n\n\n<p class=\"has-text-align-center\">2022.05.27: Uralkodik az \u00fajj\u00e1teremt\u00e9s erej\u00e9vel<\/p>\n\n\n\n<figure class=\"wp-block-embed is-type-video is-provider-youtube wp-block-embed-youtube wp-embed-aspect-16-9 wp-has-aspect-ratio\"><div class=\"wp-block-embed__wrapper\">\n<iframe title=\"URALKODIK AZ \u00daJJ\u00c1TEREMT\u00c9S EREJ\u00c9VEL - Takar\u00f3 K\u00e1roly\" width=\"960\" height=\"540\" src=\"https:\/\/www.youtube.com\/embed\/hXvkvdOr5Z0?feature=oembed\" frameborder=\"0\" allow=\"accelerometer; autoplay; clipboard-write; encrypted-media; gyroscope; picture-in-picture; web-share\" allowfullscreen><\/iframe>\n<\/div><\/figure>\n\n\n\n<p><strong><a href=\"https:\/\/episzunago.com\/wp-content\/uploads\/2022\/07\/Takaro-Karoly-URALKODIK-AZ-UR-JEZUS-KRISZTUS-Evangelizacio-4_4-2022.05.27.mp3\" target=\"_blank\" rel=\"noreferrer noopener\">MP3 let\u00f6lt\u00e9s<\/a><\/strong><\/p>\n\n\n\n<p><a href=\"https:\/\/episzunago.com\/wp-content\/uploads\/2022\/07\/Evangelizacio_2022.05.27_URALKODIK-AZ-UJJATEREMTES-EREJEVEL_4_4.pdf\" target=\"_blank\" rel=\"noreferrer noopener\">PDF let\u00f6lt\u00e9s<\/a><\/p>\n","protected":false},"excerpt":{"rendered":"<p>VIII. HITM\u00c9LY\u00cdT\u0150 EVANGELIZ\u00c1CI\u00d3: TAKAR\u00d3 K\u00c1ROLY: URALKODIK AZ \u00daR J\u00c9ZUS KRISZTUS 2022.05.24: Uralkodik az id\u0151k teljess\u00e9g\u00e9nek rendj\u00e9re n\u00e9zve MP3 let\u00f6lt\u00e9s PDF let\u00f6lt\u00e9s 2022.05.25: Uralkodik az igazs\u00e1g besz\u00e9d\u00e9vel, az \u00fcdv\u00f6ss\u00e9g evang\u00e9lium\u00e1val \u00e9s a L\u00e9lek pecs\u00e9tj\u00e9vel MP3 let\u00f6lt\u00e9s PDF let\u00f6lt\u00e9s 2022.05.26: Uralkodik minden fejedelems\u00e9gen \u00e9s hatalmass\u00e1gon MP3 let\u00f6lt\u00e9s PDF let\u00f6lt\u00e9s 2022.05.27: Uralkodik az \u00fajj\u00e1teremt\u00e9s erej\u00e9vel MP3 let\u00f6lt\u00e9s PDF let\u00f6lt\u00e9s<\/p>\n","protected":false},"author":1,"featured_media":0,"parent":30,"menu_order":8,"comment_status":"closed","ping_status":"open","template":"","meta":{"passster_activate_protection":false,"passster_protect_child_pages":"","passster_protection_type":"password","passster_password":"","passster_activate_overwrite_defaults":"","passster_headline":"","passster_instruction":"","passster_placeholder":"","passster_button":"","passster_id":"","passster_activate_misc_settings":"","passster_redirect_url":"","passster_hide":"no","passster_area_shortcode":"","footnotes":""},"class_list":["post-243","page","type-page","status-publish","hentry"],"_links":{"self":[{"href":"https:\/\/episzunago.com\/index.php?rest_route=\/wp\/v2\/pages\/243","targetHints":{"allow":["GET"]}}],"collection":[{"href":"https:\/\/episzunago.com\/index.php?rest_route=\/wp\/v2\/pages"}],"about":[{"href":"https:\/\/episzunago.com\/index.php?rest_route=\/wp\/v2\/types\/page"}],"author":[{"embeddable":true,"href":"https:\/\/episzunago.com\/index.php?rest_route=\/wp\/v2\/users\/1"}],"replies":[{"embeddable":true,"href":"https:\/\/episzunago.com\/index.php?rest_route=%2Fwp%2Fv2%2Fcomments&post=243"}],"version-history":[{"count":6,"href":"https:\/\/episzunago.com\/index.php?rest_route=\/wp\/v2\/pages\/243\/revisions"}],"predecessor-version":[{"id":748,"href":"https:\/\/episzunago.com\/index.php?rest_route=\/wp\/v2\/pages\/243\/revisions\/748"}],"up":[{"embeddable":true,"href":"https:\/\/episzunago.com\/index.php?rest_route=\/wp\/v2\/pages\/30"}],"wp:attachment":[{"href":"https:\/\/episzunago.com\/index.php?rest_route=%2Fwp%2Fv2%2Fmedia&parent=243"}],"curies":[{"name":"wp","href":"https:\/\/api.w.org\/{rel}","templated":true}]}}